4
What is the remainder when 121691 is divided by 1049?
7
Calculate the remainder when 109290 is divided by 44.
38
What is the remainder when 8995 is divided by 446?
75
Calculate the remainder when 30952 is divided by 137.
127
What is the remainder when 232295 is divided by 1010?
1005
Calculate the remainder when 32561 is divided by 67.
66
Calculate the remainder when 94348 is divided by 111.
109
What is the remainder when 112392 is divided by 88?
16
Calculate the remainder when 2057 is divided by 350.
307
Calculate the remainder when 59851 is divided by 2301.
25
Calculate the remainder when 161874 is divided by 771.
735
What is the remainder when 2769 is divided by 242?
107
Calculate the remainder when 1417 is divided by 72.
49
What is the remainder when 1832 is divided by 51?
47
What is the remainder when 3230 is divided by 3217?
13
Calculate the remainder when 46246 is divided by 164.
162
Calculate the remainder when 8790 is divided by 1756.
10
What is the remainder when 19712 is divided by 232?
224
Calculate the remainder when 797702 is divided by 63.
59
What is the remainder when 27449 is divided by 113?
103
What is the remainder when 4386719 is divided by 38?
37
What is the remainder when 21800 is divided by 69?
65
What is the remainder when 2265 is divided by 249?
24
What is the remainder when 56476 is divided by 7?
0
Calculate the remainder when 33188 is divided by 5528.
20
Calculate the remainder when 8144 is divided by 2386.
986
Calculate the remainder when 1083 is divided by 220.
203
Calculate the remainder when 3435 is divided by 1140.
15
What is the remainder when 45071 is divided by 51?
38
Calculate the remainder when 9469 is divided by 2357.
41
What is the remainder when 54167 is divided by 183?
182
What is the remainder when 2011 is divided by 19?
16
Calculate the remainder when 16381 is divided by 8139.
103
Calculate the remainder when 9686 is divided by 2421.
2
What is the remainder when 2199 is divided by 580?
459
Calculate the remainder when 72098 is divided by 140.
138
Calculate the remainder when 1094 is divided by 975.
119
What is the remainder when 3996884 is divided by 13?
8
What is the remainder when 2645018 is divided by 14?
12
What is the remainder when 5754 is divided by 829?
780
Calculate the remainder when 14744 is divided by 673.
611
What is the remainder when 15462 is divided by 90?
72
What is the remainder when 92611 is divided by 102?
97
What is the remainder when 76123 is divided by 739?
6
What is the remainder when 522520 is divided by 119?
110
Calculate the remainder when 1071 is divided by 526.
19
What is the remainder when 47569 is divided by 9510?
19
What is the remainder when 5924 is divided by 819?
191
What is the remainder when 84956 is divided by 42467?
22
What is the remainder when 16272 is divided by 3252?
12
What is the remainder when 684493 is divided by 28?
5
What is the remainder when 8264 is divided by 4127?
10
Calculate the remainder when 157736 is divided by 1792.
40
Calculate the remainder when 531598 is divided by 29533.
4
What is the remainder when 30810 is divided by 32?
26
Calculate the remainder when 1542 is divided by 840.
702
Calculate the remainder when 6270 is divided by 366.
48
Calculate the remainder when 4440382 is divided by 64.
62
What is the remainder when 94463 is divided by 273?
5
What is the remainder when 18933 is divided by 3757?
148
What is the remainder when 179306 is divided by 24?
2
What is the remainder when 71497 is divided by 55?
52
Calculate the remainder when 8951 is divided by 114.
59
What is the remainder when 10026 is divided by 30?
6
Calculate the remainder when 29223 is divided by 840.
663
What is the remainder when 117318 is divided by 3352?
3350
What is the remainder when 1516621 is divided by 538?
537
What is the remainder when 55489 is divided by 56?
49
What is the remainder when 22428 is divided by 1019?
10
What is the remainder when 213158 is divided by 71048?
14
Calculate the remainder when 12997 is divided by 360.
37
What is the remainder when 65259 is divided by 1688?
1115
Calculate the remainder when 12276 is divided by 1015.
96
Calculate the remainder when 106 is divided by 80.
26
What is the remainder when 49168 is divided by 172?
148
Calculate the remainder when 425 is divided by 93.
53
Calculate the remainder when 1963662 is divided by 8.
6
What is the remainder when 280920 is divided by 9364?
0
What is the remainder when 10234 is divided by 132?
70
What is the remainder when 5098 is divided by 15?
13
Calculate the remainder when 2278 is divided by 221.
68
Calculate the remainder when 371770 is divided by 32.
26
What is the remainder when 9770 is divided by 4821?
128
Calculate the remainder when 3057 is divided by 999.
60
What is the remainder when 71284 is divided by 14252?
24
Calculate the remainder when 6474 is divided by 177.
102
Calculate the remainder when 1010818 is divided by 421.
418
What is the remainder when 380474 is divided by 267?
266
What is the remainder when 111066 is divided by 823?
784
Calculate the remainder when 3980 is divided by 168.
116
Calculate the remainder when 139022 is divided by 335.
332
What is the remainder when 28792 is divided by 9594?
10
Calculate the remainder when 47935 is divided by 97.
17
What is the remainder when 713639 is divided by 647?
645
What is the remainder when 194424 is divided by 9258?
6
What is the remainder when 14720 is divided by 475?
470
Calculate the remainder when 55082 is divided by 34.
2
What is the remainder when 3009 is divided by 130?
19
Calculate the remainder when 25224 is divided by 74.
64
Calculate the remainder when 181 is divided by 24.
13
Calculate the remainder when 10426 is divided by 2603.
14
What is the remainder when 916 is divided by 437?
42
Calculate the remainder when 169762 is divided by 9431.
4
Calculate the remainder when 335 is divided by 35.
20
Calculate the remainder when 2390 is divided by 100.
90
What is the remainder when 12782 is divided by 30?
2
What is the remainder when 33195 is divided by 749?
239
What is the remainder when 31455 is divided by 49?
46
Calculate the remainder when 29810 is divided by 135.
110
What is the remainder when 4256 is divided by 4010?
246
Calculate the remainder when 347 is divided by 151.
45
What is the remainder when 6344 is divided by 86?
66
What is the remainder when 62650 is divided by 131?
32
What is the remainder when 5288 is divided by 12?
8
What is the remainder when 122182 is divided by 214?
202
Calculate the remainder when 741 is divided by 560.
181
Calculate the remainder when 10443 is divided by 695.
18
What is the remainder when 4838 is divided by 600?
38
Calculate the remainder when 2607 is divided by 88.
55
What is the remainder when 74610 is divided by 561?
558
What is the remainder when 589 is divided by 290?
9
Calculate the remainder when 346 is divided by 294.
52
Calculate the remainder when 2194 is divided by 182.
10
What is the remainder when 353704 is divided by 89?
18
What is the remainder when 9185 is divided by 1572?
1325
Calculate the remainder when 3779 is divided by 114.
17
What is the remainder when 1815 is divided by 439?
59
What is the remainder when 10641 is divided by 428?
369
What is the remainder when 1345 is divided by 835?
510
Calculate the remainder when 6277 is divided by 232.
13
Calculate the remainder when 29975 is divided by 555.
5
Calculate the remainder when 8650 is divided by 221.
31
What is the remainder when 1659 is divided by 49?
42
What is the remainder when 604355 is divided by 215?
205
What is the remainder when 9125 is divided by 3701?
1723
Calculate the remainder when 305163 is divided by 128.
11
Calculate the remainder when 337 is divided by 179.
158
What is the remainder when 582 is divided by 11?
10
What is the remainder when 10033 is divided by 1176?
625
Calculate the remainder when 55084 is divided by 208.
172
Calculate the remainder when 955773 is divided by 47.
28
What is the remainder when 14341 is divided by 512?
5
Calculate the remainder when 224191 is divided by 474.
463
Calculate the remainder when 38941 is divided by 38.
29
What is the remainder when 1631 is divided by 1459?
172
Calculate the remainder when 18246 is divided by 50.
46
What is the remainder w